 1. Give f(-21).
-13
Let c(h) = -h**2 + 17*h - 16. Let y = -17275 + 17289. Calculate c(y).
26
Let o(m) = m**2 + 2*m - 7. Suppose 0 = -17*x - 90 - 97. Let f be -10*1 - (x + 7). What is o(f)?
17
Let j(k) = -9*k**3 - 18*k**2 - 5*k - 7. Let s(i) = 11*i**3 + 19*i**2 + 3*i + 11. Let f(d) = -6*j(d) - 5*s(d). Calculate f(14).
1
Suppose -2*d = 3*d. Let c = -127 + 129. Let n(o) = 0 + 1 + 22*o**c + o**3 + o - 21*o**2 + 5. Calculate n(d).
6
Let l = 447 + -442. Suppose 0*b - 13 = b + 2*i, -l*b - 2*i = 25. Let t(o) = o**3 + 5*o**2 + 2*o - 5. Give t(b).
7
Let m = 97 + -92. Suppose -4 + 25 = -m*u + 2*b, -3*u = -4*b + 7. Let k(g) = -g**3 - 4*g**2 + 7*g + 5. Give k(u).
-5
Let v(l) = 3*l**3 + 12*l**2 + 6*l - 2. Let j(q) = -q**2 + 235*q + 6783. Let r be j(-26). Calculate v(r).
7
Let o(n) = n**3 - 3*n - 2. Let j(w) = 26*w + 189. Let d(m) = -27*m - 190. Let c(z) = -3*d(z) - 4*j(z). Let s be c(-8). What is o(s)?
-4
Let n(t) be the third derivative of -t**6/120 - t**5/15 - 5*t**4/24 - t**3/3 + 3*t**2. Let x = 10556 - 10560. Determine n(x).
18
Suppose i = 8 - 3. Suppose -7*f - 5 = 5*n - 2*f, 2*n + i*f + 8 = 0. Let w(c) = -n - c**3 - c + 3 + 2 - 2*c**2 + 5*c. Calculate w(-3).
1
Suppose -d - 147 = -5*h + d, -120 = -4*h + 4*d. Suppose g + 5*q - h = 0, 1 + 4 = q. Let t(k) = -k + 9. Give t(g).
5
Let v(y) = -y**3 - 2*y**2 + 16. Let n(m) = 7*m**3 + 7*m**2 - 4*m - 87. Let s(t) = n(t) + 6*v(t). Determine s(6).
21
Let w(i) = -3*i**2 - 4*i + 9. Let v = 2023 + -2027. What is w(v)?
-23
Suppose -59*g - 193 = 279. Suppose -13 = -2*h - 1. Let y(u) = -7*u + 2 - 7 + h*u. Calculate y(g).
3
Suppose 8*r - 3*r = 0. Suppose 3*p = -n - n + 16, p = 2*n. Let y(x) = 7 + 8 - 29*x**n + 28*x**2. Give y(r).
15
Let g(h) be the third derivative of -49*h**6/120 + h**5/60 + h**3/6 + 1968*h**2. Give g(1).
-47
Let o = -353 + 574. Let d = 215 - o. Let r(w) = -w**2 - w + 1. Calculate r(d).
-29
Let j be (-1 - 1)/1 - -25. Let u = -2 + j. Suppose b - u = 2*q + 3*q, 3*b = -12. Let n(h) = h**3 + 6*h**2 + 7*h - 1. Give n(q).
-11
Let y(s) be the second derivative of -2*s**2 + 1/12*s**4 + 1/3*s**3 - s + 0. Suppose -4*f = -i - 8, -4*f - 19 = 9*i + 13. Determine y(i).
4
Let q(k) = 1217 + 4*k - k**3 - 610 + 8*k**2 - 558. Give q(9).
4
Let w(m) = 14*m**3 + m**2. Suppose -4*c - 34 = 82. Let n(f) = f**3 + 28*f**2 - 29*f + 1. Let u be n(c). What is w(u)?
15
Let p(h) = -26908 + 13439 + 13451 - 5*h. Calculate p(6).
-48
Suppose -300 = -38*s + 194. Let r(l) = -l**3 + 12*l**2 + 12*l + 12. Give r(s).
-1
Let l(v) = 9*v**3 + 14*v**2 + 78*v - 21. Let n(w) = -4*w**3 - 7*w**2 - 32*w + 11. Let q(u) = -3*l(u) - 7*n(u). Give q(-8).
2
Let d(h) = h**2 - 26*h + 26. Let y(l) = -l**3 - 44*l**2 - 296*l - 287. Let n be y(-36). What is d(n)?
1
Let b(h) = -250819*h - 1 + 250823*h + 5 - 1. Calculate b(-1).
-1
Let i be 2/6 - 88/12. Let y = -4 - i. Let q(j) = -6*j - 231. Let t(x) = -x - 46. Let n(p) = q(p) - 5*t(p). Determine n(y).
-4
Let n(b) = -b**2 - 6*b - 5. Let f be n(-4). Let p(y) = -16*y - 13. Let k be p(-1). Let q(z) = -488*z**3 + z + 486*z**3 - k*z + f*z**2. Give q(2).
-8
Let t(u) = 10*u. Suppose 42*l + 2*g + 2 = 44*l, -10 = 5*g. Give t(l).
-10
Let p = -3502 + 3497. Let l(a) = -a**3 - 2*a**2 + 12*a - 7. Calculate l(p).
8
Suppose 5*b + 19 - 14 = 5*h, 5*b = h - 1. Let x be (b/(4 + -1))/(-3). Let a(g) = -g**3 + g - 32. What is a(x)?
-32
Let c(v) = -8*v + 60. Suppose -48*w + 2*l - 43 = -53*w, 3*l = 2*w + 17. What is c(w)?
20
Let v(c) be the third derivative of 148*c**2 - 1/60*c**5 + 0 - 3/2*c**3 + 3/8*c**4 + 0*c. Determine v(8).
-1
Suppose -9 = -59*i - 139 + 12. Let g(r) = -3*r**3 + 3*r**2 + 3*r - 4. Determine g(i).
26
Let s(h) be the second derivative of -h**4/4 + 23*h**3/6 - 15*h**2/2 - 763*h. Calculate s(7).
-1
Let j be (6/(-4) + (21/(-14))/3)*6. Let s(x) = -x**2 - 18*x - 79. What is s(j)?
-7
Let x = -2464 - -2505. Let f be ((-6)/(-2))/((-6)/68). Let l = f + x. Let q(p) = -p**3 + 8*p**2 - 7*p + 3. Calculate q(l).
3
Suppose -113*r + 452 + 25 + 427 = 0. Let t(i) = i**3 - 9*i**2 + 7*i + 8. Calculate t(r).
0
Let c(u) = -u**2 + 5*u + 1. Suppose 0 = -4*l + 7 + 5. Suppose -l*r - 5*j + 5 = -0, -4*r = 4*j - 12. What is c(r)?
1
Let w(z) = 10*z - 12. Suppose 0 = f, -3*f + 11 = 4*g - 2 - 7. Determine w(g).
38
Suppose -39*i + 54*i - 33405 = 0. Let u(x) = -x**2 - i*x - 5 + 13 + 2220*x. Calculate u(-8).
0
Let u = -121 - -123. Suppose -2*j + 5*q = -11, 2*j - u*q - 1 - 1 = 0. Let f(t) be the third derivative of -t**6/120 - t**5/60 - t**3/6 - t**2. Calculate f(j).
3
Let y(w) = 89*w**3 + 126*w**2 + 67*w - 32. Let d(v) = -41*v**3 - 58*v**2 - 34*v + 16. Let m(i) = 13*d(i) + 6*y(i). Determine m(5).
-9
Let k(z) = -z**2 + 11*z - 11. Let d(g) = -13*g + 151. Let l be d(11). Calculate k(l).
13
Let g(k) be the third derivative of -k**5/24 - 19*k**4/24 - 68*k**3/3 + 100*k**2. Let m(b) be the first derivative of g(b). What is m(-3)?
-4
Suppose 43*n - 25*n - 29*n + 11 = 0. Let v(f) = 8*f - 11. Calculate v(n).
-3
Let l be 4 - 3/(7/(-2) + 5). Let k(x) = -8*x. Calculate k(l).
-16
Let c(w) be the second derivative of 5*w**2 - 1/12*w**4 + 5*w + 12 + 1/20*w**5 + 1/6*w**3. Determine c(0).
10
Suppose 3*n + 3 = 4*o, -3*n + o - 25 = -22. Let d(f) = 7*f**3 + 7*f**2 + 1. What is d(n)?
1
Let b = -54 - -59. Let l be (150/12)/b*(-3 + 1). Let g(y) be the third derivative of y**5/60 + y**4/4 + y**3/2 - 9*y**2. Calculate g(l).
-2
Suppose -9*s = -40*s + 372. Let r(z) = -5*z + s*z - z**3 + z + 2*z**2 + 9 - 8*z**2. What is r(-7)?
2
Suppose -6 + 6 = -29*t. Let u(c) be the second derivative of 1/3*c**3 + 5/2*c**2 - 28*c + t. Determine u(-5).
-5
Let y(h) be the third derivative of h**6/120 + h**5/6 + 2*h**4/3 + 25*h**3/2 + 5042*h**2. What is y(-9)?
12
Let c(i) = -i**2 + 3*i + 5*i + 0*i - 2*i. Suppose -3*p - 9*k + 36 = 60, -3*p = 5*k + 4. Determine c(p).
-7
Let p(v) be the second derivative of -v**8/6720 + v**7/315 + v**6/360 - v**5/10 - v**4/4 + v**3/2 + 19*v. Let j(t) be the third derivative of p(t). Give j(8).
4
Let n(q) = 11*q - 15. Let k(g) = g**2 + 46*g + 207. Let j be k(-41). Give n(j).
7
Let k be 203/(-145) + (-2)/(-5). Let g(l) = -10*l - 14. Let m be g(k). Let u(o) = o**2 - o**3 + 4*o - o + 6 - 5*o**2. What is u(m)?
-6
Let b(j) = -j**3 + 11*j**2 + 14*j - 19. Let a be b(12). Let v be (-15)/6*(-2 - 0/a). Let l(h) = 6*h - 6. Determine l(v).
24
Let f(d) be the first derivative of -d**6/120 + 8*d**3/3 - 85*d**2 + 37. Let x(q) be the second derivative of f(q). Calculate x(0).
16
Let v(b) = -10*b**2 - 8*b - 3. Let o(w) = 9*w**2 + 6*w + 2. Let s(g) = -3*o(g) - 2*v(g). Let c(u) = 8*u**2 + 3*u. Let n(z) = -6*c(z) - 7*s(z). What is n(-4)?
32
Let p(g) be the first derivative of 2*g**4 + g**2 - 3*g - 7413. What is p(2)?
65
Let j(w) = w**3 + 476*w - 229*w + 6*w**2 + 5*w**2 - 16 - 233*w. Give j(-9).
20
Let o(z) be the third derivative of -z**4/24 + 11*z**3/2 - 33085*z**2. Suppose -2*n = 8, 2*k + 0*k = -3*n + 26. What is o(k)?
14
Let k(c) = -c - 20. Let n be -10*((-12)/(-8) + 0). What is k(n)?
-5
Let b be ((-270)/(-21)*6)/(1/(-7)). Let t = b + 543. Let j(k) = k**3 - 4*k**2 + 4*k - 3. Give j(t).
0
Let l(p) = p**3 + 5*p**2 - 19*p + 11. Let z be l(-7). Let g(j) = -10*j - 4*j**3 - 11 + 4*j**3 - j**3 + z*j**2 - 35*j**2. Determine g(10).
-11
Let m(o) = 6*o**2 - 3 - 3*o**2 - 2 - 7*o - 2*o**2. Let a(x) = -79*x + 3169. Let v be a(40). What is m(v)?
13
Let u(a) = -2*a**2 + 4*a - 2. Let w = -52 + 54. Let x be 4/((w/4)/((-7)/14)). Let q be (((-18)/(-12))/(-1))/(2/x). Give u(q).
-8
Let b(r) be the second derivative of -1/60*r**5 + 0*r**3 + 29/12*r**4 + 0*r**2 - 1/720*r**6 + 0 + 27*r. Let k(g) be the third derivative of b(g). What is k(0)?
-2
Let b(p) = -2246*p + 4497*p - 2241*p - 10 + 2*p**2. Give b(-5).
-10
Let d(o) be the third derivative of o**6/120 - o**5/60 - o**4/8 + 11*o**3/6 - 2*o**2 - 1066*o. Give d(-4).
-57
Let x(d) = 1 - d**2 + 0 - 2*d**2. Let s(o) = -19*o**2 + 5*o - 5. Let f be s(3). Let i = f + 163. Calculate x(i).
-11
Suppose -20*l - 5*l - 7500 = 0. Let p = l + 297. Let f(u) = -2*u**2 + 2*u. Determine f(p).
-24
Let c(n) = n**2 + 7*n. Let i be c(-4). Let g be i/(-9) + (-12)/(-18). Let d(m) = -4*m**3 - 2*m - 2 + 4*m**g + 6 + 3*m**3. Give d(4).
-4
Let p(i) be the second derivative of i**4/12 - 23*i**3/6 + 109*i**2/2 - 41*i. Let k be p(7). Let v(c) = c**2 + 5*c + 2. What is v(k)?
-4
Let b = 485 + -3